 q(22).
12
Let t(v) = -193*v + 1059. Calculate t(5).
94
Let f(m) = -m**3 + 4*m**2 + 26*m - 3. Give f(6).
81
Let c(p) = 18*p + 869. Give c(-53).
-85
Let z(j) = -154*j - 2142. What is z(-14)?
14
Let w(x) = -116*x - 5114. Determine w(-44).
-10
Let o(q) = 129*q**2 + q + 4. Give o(-1).
132
Let q(x) = 205*x - 2459. Calculate q(12).
1
Let g(a) = a**3 - 373*a**2 + 1078*a + 11835. Calculate g(370).
-5
Let d(l) = 2*l**3 + 115*l**2 - 82*l - 1389. What is d(-58)?
3
Let r(p) = -p**3 + 23*p**2 - 23*p + 35. What is r(22)?
13
Let z(i) = 2018*i + 10046. Give z(-5).
-44
Let h(v) = 482*v + 3405. Determine h(-7).
31
Let d(y) = -123*y - 869. What is d(-9)?
238
Let m(f) = 62*f**3 + 618*f**2 - 22*f - 28. What is m(-10)?
-8
Let u(i) = 30*i + 143. Calculate u(-5).
-7
Let v(i) = 9872*i + 128335. Determine v(-13).
-1
Let w(k) = 5*k**2 - 4*k - 29. Calculate w(4).
35
Let w(q) = -q**3 + 276*q**2 - 344*q + 18970. What is w(275)?
-5
Let k(m) = m**2 - 37*m + 276. What is k(14)?
-46
Let l(c) = c**3 - 62*c**2 - 193*c - 135. Determine l(65).
-5
Let c(r) = r**3 - 15*r**2 + 62*r - 67. Give c(9).
5
Let t(s) = 378*s + 9072. What is t(-24)?
0
Let u(n) = -8*n**2 + 17*n - 97. Give u(6).
-283
Let g(s) = 5*s**3 - 15*s**2 - 26*s + 9. What is g(5)?
129
Let k(u) = 235*u - 3049. What is k(13)?
6
Let r(x) = 224*x - 3348. Give r(15).
12
Let x(w) = -2044*w + 8180. Calculate x(4).
4
Let c(t) = -2*t**2 + t + 13. Give c(3).
-2
Let p(s) = -s**3 - 79*s**2 + 242*s - 355. Give p(-82).
-27
Let d(x) = x**3 - 54*x**2 + 123*x - 3700. What is d(53)?
10
Let s(l) = 5*l**2 + 187*l - 2038. Calculate s(9).
50
Let d(n) = 4*n**2 - 141*n + 170. Give d(34).
0
Let w(f) = 143*f**2 - 3721*f + 56. Give w(26).
-22
Let c(l) = -10*l + 167. Determine c(9).
77
Let s(i) = i**3 - 19*i**2 - 25*i + 125. What is s(20)?
25
Let t(a) = 2355*a + 14119. What is t(-6)?
-11
Let m(s) = -134*s + 452. Calculate m(3).
50
Let t(q) = 22751*q - 273018. Give t(12).
-6
Let f(u) = -12*u**2 - 35*u + 105. Calculate f(3).
-108
Let g(h) = h**3 - 18*h**2 + 34*h - 35. Determine g(16).
-3
Let y(g) = 4*g**2 + 203*g + 88. Calculate y(-50).
-62
Let s(r) = -29*r**2 + 309*r + 19. What is s(11)?
-91
Let p(t) = 2*t**2 + 46*t - 4. What is p(-7)?
-228
Let o(b) = -140*b + 11. Calculate o(1).
-129
Let v(z) = 424*z + 33911. Calculate v(-80).
-9
Let h(q) = -118*q + 1312. Calculate h(11).
14
Let d(w) = 2*w**3 - w**2 - 24*w - 36. Determine d(-5).
-191
Let l(b) = -824*b + 37086. Determine l(45).
6
Let g(q) = q**2 - 30*q + 33. What is g(21)?
-156
Let n(l) = 26*l**2 + 116*l - 77. What is n(-5)?
-7
Let x(l) = -2*l**3 - 6*l**2 + 40*l + 131. Calculate x(-3).
11
Let s(h) = -38*h**2 + 701*h + 701. Determine s(-1).
-38
Let j(m) = 1550*m - 17069. Give j(11).
-19
Let h(n) = -n**2 - 25*n + 5. Give h(-18).
131
Let h(t) = -2*t**2 - 145*t - 855. Calculate h(-6).
-57
Let g(m) = m**3 + 58*m**2 - 122*m - 115. Calculate g(-60).
5
Let w(h) = 22*h**3 - 11*h**2 + 14*h + 64. Give w(-2).
-184
Let l(v) = 67*v + 2173. Give l(-32).
29
Let u(l) = l**3 + 50*l**2 - 48*l + 193. Give u(-51).
40
Let q(a) = a**3 - 15*a**2 + 56*a - 243. What is q(12)?
-3
Let h(c) = 10*c - 203. What is h(15)?
-53
Let x(y) = -480*y + 1924. Determine x(4).
4
Let p(j) = -j**3 - 19*j**2 - 9*j - 159. Determine p(-19).
12
Let d(h) = -154*h - 530. Determine d(-5).
240
Let j(w) = w**2 - 49*w - 61157. Give j(273).
-5
Let i(n) = 186*n + 191. Determine i(-1).
5
Let d(v) = -2*v**2 - 224*v + 444. What is d(2)?
-12
Let u(i) = -i**2 - 43*i + 1170. Determine u(19).
-8
Let y(a) = -18*a**2 - 85*a + 300. Determine y(-7).
13
Let p(j) = -15106*j + 151072. Determine p(10).
12
Let y(r) = -127*r - 265. Determine y(-2).
-11
Let c(y) = 35*y**3 - 19*y**2 - 70*y - 10. Give c(-3).
-916
Let h(p) = -10*p**2 - 451*p - 32. Calculate h(-45).
13
Let b(m) = 14*m**2 + 158*m - 32. Give b(-12).
88
Let a(n) = 2*n**3 + 18*n**2 - 36*n + 13. What is a(2)?
29
Let k(v) = -5*v**2 + 1985*v - 5926. Calculate k(394).
-16
Let s(t) = -15*t - 127. What is s(4)?
-187
Let u(s) = -21*s + 152. Calculate u(14).
-142
Let v(c) = -107*c + 8337. Determine v(78).
-9
Let y(f) = -11*f + 775. Calculate y(73).
-28
Let f(t) = t**3 + 27*t**2 + 172*t + 3. What is f(-10)?
-17
Let u(h) = -216*h - 1245. Determine u(-10).
915
Let n(j) = 4*j**2 - 8*j - 78. Give n(-4).
18
Let z(n) = -22*n**2 - 4426*n + 4427. What is z(1)?
-21
Let t(c) = 20*c**3 + 86*c**2 + 24*c - 5. Calculate t(-4).
-5
Let j(a) = 7*a**3 + 6*a**2 - 6*a - 52. Calculate j(-3).
-169
Let d(j) = -14*j - 186. Determine d(-21).
108
Let a(u) = 2*u**3 - 96*u**2 + 95*u - 9. Calculate a(47).
38
Let w(p) = -6*p**3 - 4*p**2 - 3*p - 6. Calculate w(-2).
32
Let l(d) = -d**3 + 6*d**2 + 220*d - 1305. Give l(6).
15
Let j(b) = -b**3 - 82*b**2 - 314*b - 11. Give j(-4).
-3
Let p(z) = -14*z**2 - 820*z - 2466. What is p(-3)?
-132
Let p(f) = -7*f**2 + 22*f - 18. What is p(7)?
-207
Let w(n) = 7*n**2 + 34*n - 10. Determine w(-7).
95
Let k(o) = -371*o - 1482. What is k(-4)?
2
Let u(x) = x**3 + 11*x**2 - 441*x - 4506. What is u(-10)?
4
Let w(c) = 2*c**3 + 26*c**2 + 87*c + 30. Determine w(-5).
-5
Let x(d) = -d**3 + d**2 - 3*d + 24. Determine x(4).
-36
Let q(l) = -l**3 - 32*l**2 - 48*l + 346. What is q(-30)?
-14
Let c(w) = 2*w**2 - 159*w + 360. Calculate c(77).
-25
Let d(l) = 165*l**2 - 843*l - 12. Give d(5).
-102
Let p(g) = g**2 - 309*g + 12310. What is p(47)?
-4
Let m(a) = a**2 + 118*a + 177. What is m(-117)?
60
Let r(q) = -q**3 + 6*q**2 + 10*q - 106. Give r(5).
-31
Let i(h) = -h**2 - 20*h + 46. Calculate i(-22).
2
Let n(v) = 1267*v + 5158. Calculate n(-4).
90
Let t(n) = n**3 - 13*n**2 + 28*n + 14. Calculate t(8).
-82
Let j(d) = 3*d**3 + 14*d**2 + 11*d + 10. Give j(-5).
-70
Let j(x) = x**3 - 20*x**2 + x - 1626. What is j(23)?
-16
Let l(i) = 8*i + 74. What is l(-28)?
-150
Let q(r) = -2*r**3 - 15*r**2 - 13*r - 50. Give q(-9).
310
Let t(y) = 1128*y - 21452. Calculate t(19).
-20
Let a(s) = 1002*s - 8995. What is a(9)?
23
Let m(u) = 7*u**2 - 2*u - 15. Give m(-7).
342
Let k(g) = -74*g + 1608. Calculate k(20).
128
Let f(v) = v**3 - 11*v**2 + 23*v - 137. Give f(10).
-7
Let j(s) = -77*s - 646. Calculate j(-9).
47
Let x(p) = -p**3 - 97*p**2 - 327*p + 176. Give x(-4).
-4
Let t(g) = 55*g + 2476. Give t(-40).
276
Let d(g) = 16*g - 90. What is d(9)?
54
Let j(y) = y**2 - 13*y - 296. Give j(25).
4
Let l(x) = 92*x + 155. What is l(0)?
155
Let i(y) = y**3 - 17*y**2 + 35*y + 28. What is i(9)?
-305
Let b(p) = -p**3 - p**2 - 31*p - 80. Determine b(-3).
31
Let r(f) = 121*f - 6909. Give r(57).
-12
Let v(h) = -3*h**2 - 34*h - 28. Determine v(-10).
12
Let j(p) = -p**3 + 11*p**2 - 46*p + 58. What is j(12)?
-638
Let u(c) = 49*c - 324. What is u(8)?
68
Let r(i) = -5*i**2 - 28*i - 260. Calculate r(-7).
-309
Let r(h) = 2*h**3 - 21*h**2 - 20*h + 33. What is r(11)?
-66
Let b(f) = 16*f + 161. Give b(-11).
-15
Let h(m) = 2*m**3 + 25*m**2 + 31*m + 9. What is h(-11)?
31
Let c(x) = -807*x + 83126. Calculate c(103).
5
Let b(i) = 1192*i - 10723. Determine b(9).
5
Let n(q) = -37*q + 73. Give n(2).
-1
Let d(s) = 17*s**3 - 16*s**2 - 25*s - 5. Calculate d(-2).
-155
Let g(h) = 3543*h + 7087. What is g(-2)?
1
Let g(d) = -34*d - 192. Calculate g(-3).
-90
Let p(t) = 1212*t - 79980. Calculate p(66).
12
Let u(c) = -12*c - 401. Give u(-32).
-17
Let c(q) = -q**2 - 36*q - 291. Give c(-10).
-31
Let x(v) = -3*v**3 - 12*v**2 - 3. Give x(-3).
-30
Let d(g) = 11*g - 49. What is d(-20)?
-269
Let x(z) = 14*z + 455. Calculate x(-34).
-21
Let m(q) = -12*q + 531. What is m(40)?
51
Let o(c) = -2*c - 372. Give o(-16).
-340
Let y(o) = -o**3 + 49*o**2 + 380*o - 109. Give y(-7).
-25
Let o(g) = -29*g - 215. Determine o(-6).
-41
Let g(y) = -y**3 + 13*y**2 - 12*y + 42. Determine g(13).
-114
Let o(m) = -8767*m - 8762. Calculate o(-1).
5
Let w(r) = r**3 - 28*r**2 - 32*r + 88. Determine w(29).
1
Let y(m) = -103*m - 26. Determine y(0).
-26
Let f(q) = -q**3 + 53*q**2 + 422*q - 137. Calculate f(60).
-17
Let m(g) = g**3 + 16*g**2 + 31*g + 41. Calculate m(-14).
-1
Let i(g) = 2*g**3 - 63*g**2 - 91*g - 251. Determine i(33).
13
Let d(f) = f**3 - 5*f**2 + 10*f - 25. Give d(4).
-1
Let q(h) = -h**2 + 21*h - 126. What is q(10)?
-16
Let o(n) = 7*n**2 + 463*n - 69. Give o(-66).
-135
Let t(s) = -4*s**2 + 29*s + 100. What is t(8)?
76
Let a(u) = -u**3 - 11*u**2 - 52*u - 400. Calculate a(-9).
-94
Let y(r) = -8*r**3 + 36*r**2 - 69*r + 2. Giv